{"id":2255,"date":"2025-04-25T10:29:01","date_gmt":"2025-04-25T08:29:01","guid":{"rendered":"http:\/\/localhost:8888\/MAMP\/kipmi\/?page_id=2255"},"modified":"2026-03-03T10:03:17","modified_gmt":"2026-03-03T09:03:17","slug":"produits","status":"publish","type":"page","link":"https:\/\/www.kipmi.com\/index.php\/produits\/","title":{"rendered":"Offres"},"content":{"rendered":"\n<p>Toutes les solutions d&rsquo;identit\u00e9 num\u00e9rique du groupe BeYs.<\/p>\n\n\n\n<div class=\"wp-block-buttons is-layout-flex wp-block-buttons-is-layout-flex\">\n<div class=\"wp-block-button is-style-outline is-style-outline--1\"><a class=\"wp-block-button__link has-accent-2-color has-base-background-color has-text-color has-background has-link-color wp-element-button\" href=\"https:\/\/www.kipmi.com\/index.php\/solutions-identite-numerique-produits\/confiance-numerique-solutions\/\">Nos solutions<\/a><\/div>\n<\/div>\n\n\n\n<div class=\"wp-block-columns is-layout-flex wp-container-core-columns-is-layout-73586557 wp-block-columns-is-layout-flex\" style=\"margin-top:var(--wp--preset--spacing--40);margin-bottom:var(--wp--preset--spacing--40);padding-right:0;padding-left:0\">\n<div class=\"wp-block-column is-layout-flow wp-block-column-is-layout-flow\">\n<div class=\"wp-block-group has-global-padding is-layout-constrained wp-block-group-is-layout-constrained\">\n<figure class=\"wp-block-image size-full\"><a href=\"https:\/\/www.kipmi.com\/index.php\/produits\/solutions\/kipmi-application-identite-numerique\/\"><img decoding=\"async\" src=\"https:\/\/www.kipmi.com\/wp-content\/uploads\/2025\/07\/Kipmi.webp\" alt=\"Solutions identit\u00e9 num\u00e9rique - confiance num\u00e9rique - kipmi\" class=\"wp-image-3689\"\/><\/a><\/figure>\n\n\n\n<h3 class=\"wp-block-heading\"><a href=\"https:\/\/www.kipmi.com\/index.php\/produits\/solutions\/kipmi-application-identite-numerique\/\">Kipmi : wallet augment\u00e9<\/a><\/h3>\n\n\n\n<div style=\"height:32px\" aria-hidden=\"true\" class=\"wp-block-spacer\"><\/div>\n\n\n\n<figure class=\"wp-block-image size-full\"><a href=\"https:\/\/www.kipmi.com\/index.php\/produits\/solutions\/verification-identite-kyc\/\"><img decoding=\"async\" src=\"https:\/\/www.kipmi.com\/wp-content\/uploads\/2025\/07\/kyc-kipmi-1-1.webp\" alt=\"Solutions identit\u00e9 num\u00e9rique - confiance num\u00e9rique - KYC\" class=\"wp-image-3290\"\/><\/a><\/figure>\n\n\n\n<h3 class=\"wp-block-heading\"><a href=\"https:\/\/www.kipmi.com\/index.php\/produits\/solutions\/verification-identite-kyc\/\">KnowMi : KYC<\/a><\/h3>\n<\/div>\n<\/div>\n\n\n\n<div class=\"wp-block-column is-layout-flow wp-block-column-is-layout-flow\">\n<div class=\"wp-block-group has-global-padding is-layout-constrained wp-block-group-is-layout-constrained\">\n<figure class=\"wp-block-image size-full\"><a href=\"https:\/\/www.kipmi.com\/index.php\/solutions-identite-numerique-produits\/confiance-numerique-solutions\/signature-electronique\/\"><img decoding=\"async\" src=\"https:\/\/www.kipmi.com\/wp-content\/uploads\/2025\/07\/signature-electronique-kipmi-3.png\" alt=\"Solutions identit\u00e9 num\u00e9rique - confiance num\u00e9rique - signature electronique\" class=\"wp-image-3289\"\/><\/a><\/figure>\n\n\n\n<h3 class=\"wp-block-heading\"><a href=\"https:\/\/www.kipmi.com\/index.php\/produits\/solutions\/signature-electronique\/\">SignMi : signature \u00e9lectronique<\/a><\/h3>\n\n\n\n<div style=\"height:32px\" aria-hidden=\"true\" class=\"wp-block-spacer\"><\/div>\n\n\n\n<figure class=\"wp-block-image size-large\"><a href=\"https:\/\/www.kipmi.com\/index.php\/solutions-identite-numerique-produits\/confiance-numerique-solutions\/archives-electroniques-archivage\/\"><img decoding=\"async\" src=\"https:\/\/www.kipmi.com\/wp-content\/uploads\/2025\/07\/Archivage-kipmi-1.png\" alt=\"Solutions identit\u00e9 num\u00e9rique - confiance num\u00e9rique - archives \u00e9lectroniques\"\/><\/a><\/figure>\n\n\n\n<h3 class=\"wp-block-heading\"><a href=\"https:\/\/www.kipmi.com\/index.php\/solutions-identite-numerique-produits\/confiance-numerique-solutions\/archives-electroniques-archivage\/\">Archivage<\/a><\/h3>\n<\/div>\n<\/div>\n\n\n\n<div class=\"wp-block-column is-layout-flow wp-block-column-is-layout-flow\">\n<div class=\"wp-block-group has-global-padding is-layout-constrained wp-block-group-is-layout-constrained\">\n<figure class=\"wp-block-image size-large\"><a href=\"https:\/\/www.kipmi.com\/index.php\/produits\/solutions\/lettre-recommandee-electronique\/\"><img decoding=\"async\" src=\"https:\/\/www.kipmi.com\/wp-content\/uploads\/2025\/07\/lre-kipmi.png\" alt=\"Solutions identit\u00e9 num\u00e9rique - confiance num\u00e9rique - lettre recommand\u00e9e \u00e9lectronique\"\/><\/a><\/figure>\n\n\n\n<h3 class=\"wp-block-heading\"><a href=\"https:\/\/www.kipmi.com\/index.php\/produits\/solutions\/lettre-recommandee-electronique\/\">PostMi : LRE, ERE, avis \u00e9lectronique<\/a><\/h3>\n<\/div>\n<\/div>\n<\/div>\n\n\n\n<div class=\"wp-block-buttons is-layout-flex wp-block-buttons-is-layout-flex\">\n<div class=\"wp-block-button is-style-outline is-style-outline--2\"><a class=\"wp-block-button__link has-accent-2-color has-base-background-color has-text-color has-background has-link-color wp-element-button\" href=\"https:\/\/www.kipmi.com\/index.php\/produits\/fournisseurs\/\">Fournisseur<\/a><\/div>\n<\/div>\n\n\n","protected":false},"excerpt":{"rendered":"<p>Toutes les solutions d&rsquo;identit\u00e9 num\u00e9rique du groupe BeYs.<\/p>\n","protected":false},"author":2,"featured_media":0,"parent":0,"menu_order":2,"comment_status":"closed","ping_status":"closed","template":"","meta":{"footnotes":""},"class_list":["post-2255","page","type-page","status-publish","hentry"],"yoast_head":"<!-- This site is optimized with the Yoast SEO plugin v25.5 - https:\/\/yoast.com\/wordpress\/plugins\/seo\/ -->\n<title>Identit\u00e9 num\u00e9rique - Kipmi<\/title>\n<meta name=\"description\" content=\"Solutions d&#039;identit\u00e9 num\u00e9rique du groupe BeYs - Lettre recommand\u00e9e \u00e9lectronique, KYC, Signature num\u00e9rique, Archivage, KIPMI\" \/>\n<meta name=\"robots\" content=\"index, follow, max-snippet:-1, max-image-preview:large, max-video-preview:-1\" \/>\n<link rel=\"canonical\" href=\"https:\/\/www.kipmi.com\/index.php\/produits\/\" \/>\n<meta property=\"og:locale\" content=\"fr_FR\" \/>\n<meta property=\"og:type\" content=\"article\" \/>\n<meta property=\"og:title\" content=\"Identit\u00e9 num\u00e9rique - Kipmi\" \/>\n<meta property=\"og:description\" content=\"Solutions d&#039;identit\u00e9 num\u00e9rique du groupe BeYs - Lettre recommand\u00e9e \u00e9lectronique, KYC, Signature num\u00e9rique, Archivage, KIPMI\" \/>\n<meta property=\"og:url\" content=\"https:\/\/www.kipmi.com\/index.php\/produits\/\" \/>\n<meta property=\"og:site_name\" content=\"Kipmi\" \/>\n<meta property=\"article:modified_time\" content=\"2026-03-03T09:03:17+00:00\" \/>\n<meta name=\"twitter:card\" content=\"summary_large_image\" \/>\n<meta name=\"twitter:label1\" content=\"Dur\u00e9e de lecture estim\u00e9e\" \/>\n\t<meta name=\"twitter:data1\" content=\"1 minute\" \/>\n<script type=\"application\/ld+json\" class=\"yoast-schema-graph\">{\"@context\":\"https:\/\/schema.org\",\"@graph\":[{\"@type\":\"WebPage\",\"@id\":\"https:\/\/www.kipmi.com\/index.php\/produits\/\",\"url\":\"https:\/\/www.kipmi.com\/index.php\/produits\/\",\"name\":\"Identit\u00e9 num\u00e9rique - Kipmi\",\"isPartOf\":{\"@id\":\"https:\/\/www.kipmi.com\/#website\"},\"datePublished\":\"2025-04-25T08:29:01+00:00\",\"dateModified\":\"2026-03-03T09:03:17+00:00\",\"description\":\"Solutions d'identit\u00e9 num\u00e9rique du groupe BeYs - Lettre recommand\u00e9e \u00e9lectronique, KYC, Signature num\u00e9rique, Archivage, KIPMI\",\"breadcrumb\":{\"@id\":\"https:\/\/www.kipmi.com\/index.php\/produits\/#breadcrumb\"},\"inLanguage\":\"fr-FR\",\"potentialAction\":[{\"@type\":\"ReadAction\",\"target\":[\"https:\/\/www.kipmi.com\/index.php\/produits\/\"]}]},{\"@type\":\"BreadcrumbList\",\"@id\":\"https:\/\/www.kipmi.com\/index.php\/produits\/#breadcrumb\",\"itemListElement\":[{\"@type\":\"ListItem\",\"position\":1,\"name\":\"Home\",\"item\":\"https:\/\/www.kipmi.com\/\"},{\"@type\":\"ListItem\",\"position\":2,\"name\":\"Offres\"}]},{\"@type\":\"WebSite\",\"@id\":\"https:\/\/www.kipmi.com\/#website\",\"url\":\"https:\/\/www.kipmi.com\/\",\"name\":\"Kipmi\",\"description\":\"Digital Trust Continuity\",\"publisher\":{\"@id\":\"https:\/\/www.kipmi.com\/#organization\"},\"potentialAction\":[{\"@type\":\"SearchAction\",\"target\":{\"@type\":\"EntryPoint\",\"urlTemplate\":\"https:\/\/www.kipmi.com\/?s={search_term_string}\"},\"query-input\":{\"@type\":\"PropertyValueSpecification\",\"valueRequired\":true,\"valueName\":\"search_term_string\"}}],\"inLanguage\":\"fr-FR\"},{\"@type\":\"Organization\",\"@id\":\"https:\/\/www.kipmi.com\/#organization\",\"name\":\"Kipmi\",\"url\":\"https:\/\/www.kipmi.com\/\",\"logo\":{\"@type\":\"ImageObject\",\"inLanguage\":\"fr-FR\",\"@id\":\"https:\/\/www.kipmi.com\/#\/schema\/logo\/image\/\",\"url\":\"https:\/\/www.kipmi.com\/wp-content\/uploads\/2025\/07\/logo-kipmi.svg\",\"contentUrl\":\"https:\/\/www.kipmi.com\/wp-content\/uploads\/2025\/07\/logo-kipmi.svg\",\"width\":636,\"height\":135,\"caption\":\"Kipmi\"},\"image\":{\"@id\":\"https:\/\/www.kipmi.com\/#\/schema\/logo\/image\/\"}}]}<\/script>\n<!-- \/ Yoast SEO plugin. -->","yoast_head_json":{"title":"Identit\u00e9 num\u00e9rique - Kipmi","description":"Solutions d'identit\u00e9 num\u00e9rique du groupe BeYs - Lettre recommand\u00e9e \u00e9lectronique, KYC, Signature num\u00e9rique, Archivage, KIPMI","robots":{"index":"index","follow":"follow","max-snippet":"max-snippet:-1","max-image-preview":"max-image-preview:large","max-video-preview":"max-video-preview:-1"},"canonical":"https:\/\/www.kipmi.com\/index.php\/produits\/","og_locale":"fr_FR","og_type":"article","og_title":"Identit\u00e9 num\u00e9rique - Kipmi","og_description":"Solutions d'identit\u00e9 num\u00e9rique du groupe BeYs - Lettre recommand\u00e9e \u00e9lectronique, KYC, Signature num\u00e9rique, Archivage, KIPMI","og_url":"https:\/\/www.kipmi.com\/index.php\/produits\/","og_site_name":"Kipmi","article_modified_time":"2026-03-03T09:03:17+00:00","twitter_card":"summary_large_image","twitter_misc":{"Dur\u00e9e de lecture estim\u00e9e":"1 minute"},"schema":{"@context":"https:\/\/schema.org","@graph":[{"@type":"WebPage","@id":"https:\/\/www.kipmi.com\/index.php\/produits\/","url":"https:\/\/www.kipmi.com\/index.php\/produits\/","name":"Identit\u00e9 num\u00e9rique - Kipmi","isPartOf":{"@id":"https:\/\/www.kipmi.com\/#website"},"datePublished":"2025-04-25T08:29:01+00:00","dateModified":"2026-03-03T09:03:17+00:00","description":"Solutions d'identit\u00e9 num\u00e9rique du groupe BeYs - Lettre recommand\u00e9e \u00e9lectronique, KYC, Signature num\u00e9rique, Archivage, KIPMI","breadcrumb":{"@id":"https:\/\/www.kipmi.com\/index.php\/produits\/#breadcrumb"},"inLanguage":"fr-FR","potentialAction":[{"@type":"ReadAction","target":["https:\/\/www.kipmi.com\/index.php\/produits\/"]}]},{"@type":"BreadcrumbList","@id":"https:\/\/www.kipmi.com\/index.php\/produits\/#breadcrumb","itemListElement":[{"@type":"ListItem","position":1,"name":"Home","item":"https:\/\/www.kipmi.com\/"},{"@type":"ListItem","position":2,"name":"Offres"}]},{"@type":"WebSite","@id":"https:\/\/www.kipmi.com\/#website","url":"https:\/\/www.kipmi.com\/","name":"Kipmi","description":"Digital Trust Continuity","publisher":{"@id":"https:\/\/www.kipmi.com\/#organization"},"potentialAction":[{"@type":"SearchAction","target":{"@type":"EntryPoint","urlTemplate":"https:\/\/www.kipmi.com\/?s={search_term_string}"},"query-input":{"@type":"PropertyValueSpecification","valueRequired":true,"valueName":"search_term_string"}}],"inLanguage":"fr-FR"},{"@type":"Organization","@id":"https:\/\/www.kipmi.com\/#organization","name":"Kipmi","url":"https:\/\/www.kipmi.com\/","logo":{"@type":"ImageObject","inLanguage":"fr-FR","@id":"https:\/\/www.kipmi.com\/#\/schema\/logo\/image\/","url":"https:\/\/www.kipmi.com\/wp-content\/uploads\/2025\/07\/logo-kipmi.svg","contentUrl":"https:\/\/www.kipmi.com\/wp-content\/uploads\/2025\/07\/logo-kipmi.svg","width":636,"height":135,"caption":"Kipmi"},"image":{"@id":"https:\/\/www.kipmi.com\/#\/schema\/logo\/image\/"}}]}},"_links":{"self":[{"href":"https:\/\/www.kipmi.com\/index.php\/wp-json\/wp\/v2\/pages\/2255","targetHints":{"allow":["GET"]}}],"collection":[{"href":"https:\/\/www.kipmi.com\/index.php\/wp-json\/wp\/v2\/pages"}],"about":[{"href":"https:\/\/www.kipmi.com\/index.php\/wp-json\/wp\/v2\/types\/page"}],"author":[{"embeddable":true,"href":"https:\/\/www.kipmi.com\/index.php\/wp-json\/wp\/v2\/users\/2"}],"replies":[{"embeddable":true,"href":"https:\/\/www.kipmi.com\/index.php\/wp-json\/wp\/v2\/comments?post=2255"}],"version-history":[{"count":3,"href":"https:\/\/www.kipmi.com\/index.php\/wp-json\/wp\/v2\/pages\/2255\/revisions"}],"predecessor-version":[{"id":4947,"href":"https:\/\/www.kipmi.com\/index.php\/wp-json\/wp\/v2\/pages\/2255\/revisions\/4947"}],"wp:attachment":[{"href":"https:\/\/www.kipmi.com\/index.php\/wp-json\/wp\/v2\/media?parent=2255"}],"curies":[{"name":"wp","href":"https:\/\/api.w.org\/{rel}","templated":true}]}}