{"id":2251,"date":"2025-04-25T10:27:37","date_gmt":"2025-04-25T08:27:37","guid":{"rendered":"http:\/\/localhost:8888\/MAMP\/kipmi\/?page_id=2251"},"modified":"2026-03-02T12:33:25","modified_gmt":"2026-03-02T11:33:25","slug":"ebooks-centre-de-connaissance","status":"publish","type":"page","link":"https:\/\/www.kipmi.com\/index.php\/ressources\/ebooks-centre-de-connaissance\/","title":{"rendered":"eBooks"},"content":{"rendered":"\n<p>D\u00e9couvrez et t\u00e9l\u00e9chargez nos ebooks sur l&rsquo;identit\u00e9 num\u00e9rique et la confiance num\u00e9rique.<\/p>\n\n\n\n<div class=\"wp-block-group has-global-padding is-layout-constrained wp-container-core-group-is-layout-7a94f013 wp-block-group-is-layout-constrained\" style=\"padding-top:var(--wp--preset--spacing--30);padding-right:var(--wp--preset--spacing--30);padding-bottom:var(--wp--preset--spacing--30);padding-left:var(--wp--preset--spacing--30)\">\n<div class=\"wp-block-columns is-layout-flex wp-container-core-columns-is-layout-28f84493 wp-block-columns-is-layout-flex\">\n<div class=\"wp-block-column is-layout-flow wp-block-column-is-layout-flow\">\n<div class=\"wp-block-group has-global-padding is-layout-constrained wp-block-group-is-layout-constrained\" style=\"margin-top:0;margin-bottom:var(--wp--preset--spacing--30);padding-bottom:0\">\n<figure class=\"wp-block-image size-full has-custom-border\"><a href=\"https:\/\/www.kipmi.com\/index.php\/ressources\/centre-de-connaissance\/relation-client\/\"><img loading=\"lazy\" decoding=\"async\" width=\"752\" height=\"424\" src=\"https:\/\/www.kipmi.com\/wp-content\/uploads\/2025\/11\/Relation_Client_ebook_page_3.jpg\" alt=\"Wallet &amp; Relation client dans l'assurance\" class=\"wp-image-4721\" style=\"border-radius:1rem\" srcset=\"https:\/\/www.kipmi.com\/wp-content\/uploads\/2025\/11\/Relation_Client_ebook_page_3.jpg 752w, https:\/\/www.kipmi.com\/wp-content\/uploads\/2025\/11\/Relation_Client_ebook_page_3-300x169.jpg 300w\" sizes=\"auto, (max-width: 752px) 100vw, 752px\" \/><\/a><\/figure>\n\n\n\n<h3 class=\"wp-block-heading\"><a href=\"https:\/\/www.kipmi.com\/index.php\/ressources\/centre-de-connaissance\/relation-client\/\">Wallet &amp; Relation client dans l&rsquo;assurance<\/a><\/h3>\n<\/div>\n<\/div>\n\n\n\n<div class=\"wp-block-column is-layout-flow wp-block-column-is-layout-flow\">\n<div class=\"wp-block-group has-global-padding is-layout-constrained wp-block-group-is-layout-constrained\">\n<figure class=\"wp-block-image size-full has-custom-border\"><a href=\"https:\/\/www.kipmi.com\/index.php\/ressources\/ebooks-centre-de-connaissance\/comprendre-la-reglementation-eidas\/\"><img decoding=\"async\" src=\"https:\/\/www.kipmi.com\/wp-content\/uploads\/2025\/07\/eBook-kipmi-reglementation-eidas.png\" alt=\"\" class=\"wp-image-3334\" style=\"border-radius:1rem\"\/><\/a><\/figure>\n\n\n\n<h3 class=\"wp-block-heading\"><a href=\"https:\/\/www.kipmi.com\/index.php\/ressources\/centre-de-connaissance\/comprendre-la-reglementation-eidas\/\">Comprendre la r\u00e9glementation eIDAS<\/a><\/h3>\n<\/div>\n<\/div>\n\n\n\n<div class=\"wp-block-column is-layout-flow wp-block-column-is-layout-flow\">\n<div class=\"wp-block-group has-global-padding is-layout-constrained wp-block-group-is-layout-constrained\">\n<figure class=\"wp-block-image size-full has-custom-border\"><a href=\"https:\/\/www.kipmi.com\/index.php\/ressources\/ebooks-centre-de-connaissance\/know-your-customer-kyc\/\"><img decoding=\"async\" src=\"https:\/\/www.kipmi.com\/wp-content\/uploads\/2025\/07\/KYC-business.png\" alt=\"\" class=\"wp-image-3337\" style=\"border-radius:1rem\"\/><\/a><\/figure>\n\n\n\n<h3 class=\"wp-block-heading\"><a href=\"https:\/\/www.kipmi.com\/index.php\/ressources\/centre-de-connaissance\/know-your-customer-kyc\/\">KYC : Comment faire d\u2019une obligation une opportunit\u00e9 business ?<\/a><\/h3>\n<\/div>\n<\/div>\n<\/div>\n\n\n\n<div class=\"wp-block-columns is-layout-flex wp-container-core-columns-is-layout-28f84493 wp-block-columns-is-layout-flex\">\n<div class=\"wp-block-column is-layout-flow wp-block-column-is-layout-flow\">\n<div class=\"wp-block-group has-global-padding is-layout-constrained wp-block-group-is-layout-constrained\">\n<figure class=\"wp-block-image size-full has-custom-border\"><a href=\"https:\/\/www.kipmi.com\/index.php\/ressources\/centre-de-connaissance\/comprendre-la-reglementation-eidas-les-services-de-confiance\/\"><img decoding=\"async\" src=\"https:\/\/www.kipmi.com\/wp-content\/uploads\/2025\/07\/comprendre-la-reglementation-eidas-ebook-gratuit.png\" alt=\"\" class=\"wp-image-3336\" style=\"border-radius:1rem\"\/><\/a><\/figure>\n\n\n\n<h3 class=\"wp-block-heading\"><a href=\"https:\/\/www.kipmi.com\/index.php\/ressources\/centre-de-connaissance\/comprendre-la-reglementation-eidas-les-services-de-confiance\/\">Comprendre la r\u00e9gl\u00e9mentation eIDAS \u2013 Les services de confiance<\/a><\/h3>\n<\/div>\n<\/div>\n\n\n\n<div class=\"wp-block-column is-layout-flow wp-block-column-is-layout-flow\">\n<div class=\"wp-block-group has-global-padding is-layout-constrained wp-block-group-is-layout-constrained\" style=\"margin-top:0;margin-bottom:var(--wp--preset--spacing--30);padding-bottom:0\">\n<figure class=\"wp-block-image size-full has-custom-border\"><a href=\"https:\/\/www.kipmi.com\/index.php\/ressources\/centre-de-connaissance\/wallet-confiance-numerique\/\"><img decoding=\"async\" src=\"https:\/\/www.kipmi.com\/wp-content\/uploads\/2025\/07\/Wallet-et-Confiance-numerique.png\" alt=\"\" class=\"wp-image-3333\" style=\"border-radius:1rem\"\/><\/a><\/figure>\n\n\n\n<h3 class=\"wp-block-heading\"><a href=\"https:\/\/www.kipmi.com\/index.php\/ressources\/centre-de-connaissance\/wallet-confiance-numerique\/\">Wallet &amp; Confiance num\u00e9rique<\/a><\/h3>\n<\/div>\n<\/div>\n\n\n\n<div class=\"wp-block-column is-layout-flow wp-block-column-is-layout-flow\"><\/div>\n<\/div>\n<\/div>\n","protected":false},"excerpt":{"rendered":"<p>D\u00e9couvrez et t\u00e9l\u00e9chargez nos ebooks sur l&rsquo;identit\u00e9 num\u00e9rique et la confiance num\u00e9rique. Wallet &amp; Relation client dans l&rsquo;assurance Comprendre la r\u00e9glementation eIDAS KYC : Comment faire d\u2019une obligation une opportunit\u00e9 business ? Comprendre la r\u00e9gl\u00e9mentation eIDAS \u2013 Les services de confiance Wallet &amp; Confiance num\u00e9rique<\/p>\n","protected":false},"author":2,"featured_media":0,"parent":2249,"menu_order":0,"comment_status":"closed","ping_status":"closed","template":"","meta":{"footnotes":""},"class_list":["post-2251","page","type-page","status-publish","hentry"],"yoast_head":"<!-- This site is optimized with the Yoast SEO plugin v25.5 - https:\/\/yoast.com\/wordpress\/plugins\/seo\/ -->\n<title>eBooks - Kipmi<\/title>\n<meta name=\"description\" content=\"D\u00e9couvrez et t\u00e9l\u00e9chargez nos guides pratique ebooks pour devenir incollable sur l&#039;identit\u00e9 et la confiance num\u00e9rique.\" \/>\n<meta name=\"robots\" content=\"index, follow, max-snippet:-1, max-image-preview:large, max-video-preview:-1\" \/>\n<link rel=\"canonical\" href=\"https:\/\/www.kipmi.com\/index.php\/ressources\/ebooks-centre-de-connaissance\/\" \/>\n<meta property=\"og:locale\" content=\"fr_FR\" \/>\n<meta property=\"og:type\" content=\"article\" \/>\n<meta property=\"og:title\" content=\"eBooks - Kipmi\" \/>\n<meta property=\"og:description\" content=\"D\u00e9couvrez et t\u00e9l\u00e9chargez nos guides pratique ebooks pour devenir incollable sur l&#039;identit\u00e9 et la confiance num\u00e9rique.\" \/>\n<meta property=\"og:url\" content=\"https:\/\/www.kipmi.com\/index.php\/ressources\/ebooks-centre-de-connaissance\/\" \/>\n<meta property=\"og:site_name\" content=\"Kipmi\" \/>\n<meta property=\"article:modified_time\" content=\"2026-03-02T11:33:25+00:00\" \/>\n<meta property=\"og:image\" content=\"https:\/\/www.kipmi.com\/wp-content\/uploads\/2025\/11\/Relation_Client_ebook_page_3.jpg\" \/>\n\t<meta property=\"og:image:width\" content=\"752\" \/>\n\t<meta property=\"og:image:height\" content=\"424\" \/>\n\t<meta property=\"og:image:type\" content=\"image\/jpeg\" \/>\n<meta name=\"twitter:card\" content=\"summary_large_image\" \/>\n<meta name=\"twitter:label1\" content=\"Dur\u00e9e de lecture estim\u00e9e\" \/>\n\t<meta name=\"twitter:data1\" content=\"2 minutes\" \/>\n<script type=\"application\/ld+json\" class=\"yoast-schema-graph\">{\"@context\":\"https:\/\/schema.org\",\"@graph\":[{\"@type\":\"WebPage\",\"@id\":\"https:\/\/www.kipmi.com\/index.php\/ressources\/ebooks-centre-de-connaissance\/\",\"url\":\"https:\/\/www.kipmi.com\/index.php\/ressources\/ebooks-centre-de-connaissance\/\",\"name\":\"eBooks - Kipmi\",\"isPartOf\":{\"@id\":\"https:\/\/www.kipmi.com\/#website\"},\"primaryImageOfPage\":{\"@id\":\"https:\/\/www.kipmi.com\/index.php\/ressources\/ebooks-centre-de-connaissance\/#primaryimage\"},\"image\":{\"@id\":\"https:\/\/www.kipmi.com\/index.php\/ressources\/ebooks-centre-de-connaissance\/#primaryimage\"},\"thumbnailUrl\":\"https:\/\/www.kipmi.com\/wp-content\/uploads\/2025\/11\/Relation_Client_ebook_page_3.jpg\",\"datePublished\":\"2025-04-25T08:27:37+00:00\",\"dateModified\":\"2026-03-02T11:33:25+00:00\",\"description\":\"D\u00e9couvrez et t\u00e9l\u00e9chargez nos guides pratique ebooks pour devenir incollable sur l'identit\u00e9 et la confiance num\u00e9rique.\",\"breadcrumb\":{\"@id\":\"https:\/\/www.kipmi.com\/index.php\/ressources\/ebooks-centre-de-connaissance\/#breadcrumb\"},\"inLanguage\":\"fr-FR\",\"potentialAction\":[{\"@type\":\"ReadAction\",\"target\":[\"https:\/\/www.kipmi.com\/index.php\/ressources\/ebooks-centre-de-connaissance\/\"]}]},{\"@type\":\"ImageObject\",\"inLanguage\":\"fr-FR\",\"@id\":\"https:\/\/www.kipmi.com\/index.php\/ressources\/ebooks-centre-de-connaissance\/#primaryimage\",\"url\":\"https:\/\/www.kipmi.com\/wp-content\/uploads\/2025\/11\/Relation_Client_ebook_page_3.jpg\",\"contentUrl\":\"https:\/\/www.kipmi.com\/wp-content\/uploads\/2025\/11\/Relation_Client_ebook_page_3.jpg\",\"width\":752,\"height\":424,\"caption\":\"Wallet & Relation client dans l'assurance\"},{\"@type\":\"BreadcrumbList\",\"@id\":\"https:\/\/www.kipmi.com\/index.php\/ressources\/ebooks-centre-de-connaissance\/#breadcrumb\",\"itemListElement\":[{\"@type\":\"ListItem\",\"position\":1,\"name\":\"Home\",\"item\":\"https:\/\/www.kipmi.com\/\"},{\"@type\":\"ListItem\",\"position\":2,\"name\":\"Ressources\",\"item\":\"https:\/\/www.kipmi.com\/index.php\/ressources\/\"},{\"@type\":\"ListItem\",\"position\":3,\"name\":\"eBooks\"}]},{\"@type\":\"WebSite\",\"@id\":\"https:\/\/www.kipmi.com\/#website\",\"url\":\"https:\/\/www.kipmi.com\/\",\"name\":\"Kipmi\",\"description\":\"Digital Trust Continuity\",\"publisher\":{\"@id\":\"https:\/\/www.kipmi.com\/#organization\"},\"potentialAction\":[{\"@type\":\"SearchAction\",\"target\":{\"@type\":\"EntryPoint\",\"urlTemplate\":\"https:\/\/www.kipmi.com\/?s={search_term_string}\"},\"query-input\":{\"@type\":\"PropertyValueSpecification\",\"valueRequired\":true,\"valueName\":\"search_term_string\"}}],\"inLanguage\":\"fr-FR\"},{\"@type\":\"Organization\",\"@id\":\"https:\/\/www.kipmi.com\/#organization\",\"name\":\"Kipmi\",\"url\":\"https:\/\/www.kipmi.com\/\",\"logo\":{\"@type\":\"ImageObject\",\"inLanguage\":\"fr-FR\",\"@id\":\"https:\/\/www.kipmi.com\/#\/schema\/logo\/image\/\",\"url\":\"https:\/\/www.kipmi.com\/wp-content\/uploads\/2025\/07\/logo-kipmi.svg\",\"contentUrl\":\"https:\/\/www.kipmi.com\/wp-content\/uploads\/2025\/07\/logo-kipmi.svg\",\"width\":636,\"height\":135,\"caption\":\"Kipmi\"},\"image\":{\"@id\":\"https:\/\/www.kipmi.com\/#\/schema\/logo\/image\/\"}}]}<\/script>\n<!-- \/ Yoast SEO plugin. -->","yoast_head_json":{"title":"eBooks - Kipmi","description":"D\u00e9couvrez et t\u00e9l\u00e9chargez nos guides pratique ebooks pour devenir incollable sur l'identit\u00e9 et la confiance num\u00e9rique.","robots":{"index":"index","follow":"follow","max-snippet":"max-snippet:-1","max-image-preview":"max-image-preview:large","max-video-preview":"max-video-preview:-1"},"canonical":"https:\/\/www.kipmi.com\/index.php\/ressources\/ebooks-centre-de-connaissance\/","og_locale":"fr_FR","og_type":"article","og_title":"eBooks - Kipmi","og_description":"D\u00e9couvrez et t\u00e9l\u00e9chargez nos guides pratique ebooks pour devenir incollable sur l'identit\u00e9 et la confiance num\u00e9rique.","og_url":"https:\/\/www.kipmi.com\/index.php\/ressources\/ebooks-centre-de-connaissance\/","og_site_name":"Kipmi","article_modified_time":"2026-03-02T11:33:25+00:00","og_image":[{"width":752,"height":424,"url":"https:\/\/www.kipmi.com\/wp-content\/uploads\/2025\/11\/Relation_Client_ebook_page_3.jpg","type":"image\/jpeg"}],"twitter_card":"summary_large_image","twitter_misc":{"Dur\u00e9e de lecture estim\u00e9e":"2 minutes"},"schema":{"@context":"https:\/\/schema.org","@graph":[{"@type":"WebPage","@id":"https:\/\/www.kipmi.com\/index.php\/ressources\/ebooks-centre-de-connaissance\/","url":"https:\/\/www.kipmi.com\/index.php\/ressources\/ebooks-centre-de-connaissance\/","name":"eBooks - Kipmi","isPartOf":{"@id":"https:\/\/www.kipmi.com\/#website"},"primaryImageOfPage":{"@id":"https:\/\/www.kipmi.com\/index.php\/ressources\/ebooks-centre-de-connaissance\/#primaryimage"},"image":{"@id":"https:\/\/www.kipmi.com\/index.php\/ressources\/ebooks-centre-de-connaissance\/#primaryimage"},"thumbnailUrl":"https:\/\/www.kipmi.com\/wp-content\/uploads\/2025\/11\/Relation_Client_ebook_page_3.jpg","datePublished":"2025-04-25T08:27:37+00:00","dateModified":"2026-03-02T11:33:25+00:00","description":"D\u00e9couvrez et t\u00e9l\u00e9chargez nos guides pratique ebooks pour devenir incollable sur l'identit\u00e9 et la confiance num\u00e9rique.","breadcrumb":{"@id":"https:\/\/www.kipmi.com\/index.php\/ressources\/ebooks-centre-de-connaissance\/#breadcrumb"},"inLanguage":"fr-FR","potentialAction":[{"@type":"ReadAction","target":["https:\/\/www.kipmi.com\/index.php\/ressources\/ebooks-centre-de-connaissance\/"]}]},{"@type":"ImageObject","inLanguage":"fr-FR","@id":"https:\/\/www.kipmi.com\/index.php\/ressources\/ebooks-centre-de-connaissance\/#primaryimage","url":"https:\/\/www.kipmi.com\/wp-content\/uploads\/2025\/11\/Relation_Client_ebook_page_3.jpg","contentUrl":"https:\/\/www.kipmi.com\/wp-content\/uploads\/2025\/11\/Relation_Client_ebook_page_3.jpg","width":752,"height":424,"caption":"Wallet & Relation client dans l'assurance"},{"@type":"BreadcrumbList","@id":"https:\/\/www.kipmi.com\/index.php\/ressources\/ebooks-centre-de-connaissance\/#breadcrumb","itemListElement":[{"@type":"ListItem","position":1,"name":"Home","item":"https:\/\/www.kipmi.com\/"},{"@type":"ListItem","position":2,"name":"Ressources","item":"https:\/\/www.kipmi.com\/index.php\/ressources\/"},{"@type":"ListItem","position":3,"name":"eBooks"}]},{"@type":"WebSite","@id":"https:\/\/www.kipmi.com\/#website","url":"https:\/\/www.kipmi.com\/","name":"Kipmi","description":"Digital Trust Continuity","publisher":{"@id":"https:\/\/www.kipmi.com\/#organization"},"potentialAction":[{"@type":"SearchAction","target":{"@type":"EntryPoint","urlTemplate":"https:\/\/www.kipmi.com\/?s={search_term_string}"},"query-input":{"@type":"PropertyValueSpecification","valueRequired":true,"valueName":"search_term_string"}}],"inLanguage":"fr-FR"},{"@type":"Organization","@id":"https:\/\/www.kipmi.com\/#organization","name":"Kipmi","url":"https:\/\/www.kipmi.com\/","logo":{"@type":"ImageObject","inLanguage":"fr-FR","@id":"https:\/\/www.kipmi.com\/#\/schema\/logo\/image\/","url":"https:\/\/www.kipmi.com\/wp-content\/uploads\/2025\/07\/logo-kipmi.svg","contentUrl":"https:\/\/www.kipmi.com\/wp-content\/uploads\/2025\/07\/logo-kipmi.svg","width":636,"height":135,"caption":"Kipmi"},"image":{"@id":"https:\/\/www.kipmi.com\/#\/schema\/logo\/image\/"}}]}},"_links":{"self":[{"href":"https:\/\/www.kipmi.com\/index.php\/wp-json\/wp\/v2\/pages\/2251","targetHints":{"allow":["GET"]}}],"collection":[{"href":"https:\/\/www.kipmi.com\/index.php\/wp-json\/wp\/v2\/pages"}],"about":[{"href":"https:\/\/www.kipmi.com\/index.php\/wp-json\/wp\/v2\/types\/page"}],"author":[{"embeddable":true,"href":"https:\/\/www.kipmi.com\/index.php\/wp-json\/wp\/v2\/users\/2"}],"replies":[{"embeddable":true,"href":"https:\/\/www.kipmi.com\/index.php\/wp-json\/wp\/v2\/comments?post=2251"}],"version-history":[{"count":4,"href":"https:\/\/www.kipmi.com\/index.php\/wp-json\/wp\/v2\/pages\/2251\/revisions"}],"predecessor-version":[{"id":4919,"href":"https:\/\/www.kipmi.com\/index.php\/wp-json\/wp\/v2\/pages\/2251\/revisions\/4919"}],"up":[{"embeddable":true,"href":"https:\/\/www.kipmi.com\/index.php\/wp-json\/wp\/v2\/pages\/2249"}],"wp:attachment":[{"href":"https:\/\/www.kipmi.com\/index.php\/wp-json\/wp\/v2\/media?parent=2251"}],"curies":[{"name":"wp","href":"https:\/\/api.w.org\/{rel}","templated":true}]}}